, 63553927
List the prime factors of 1261550061.
3, 140172229
List the prime factors of 1434553161.
3, 478184387
List the prime factors of 1214656968.
2, 3, 7, 53, 136417
What are the prime factors of 1223744358?
2, 3, 47, 4339519
What are the prime factors of 50238935?
5, 10047787
What are the prime factors of 9225465?
3, 5, 615031
What are the prime factors of 7165672079?
7165672079
What are the prime factors of 242938377?
3, 11, 2453923
List the prime factors of 229004871.
3, 877, 87041
What are the prime factors of 2324820961?
2324820961
List the prime factors of 535885589.
535885589
What are the prime factors of 6729963?
3, 139, 16139
What are the prime factors of 1836746301?
3, 13, 449, 104891
List the prime factors of 1024867221.
3, 7, 29, 73, 23053
List the prime factors of 1024711593.
3, 53, 6444727
List the prime factors of 180131309.
67, 2688527
What are the prime factors of 58018812?
2, 3, 37, 149, 877
List the prime factors of 720466514.
2, 41, 214297
List the prime factors of 908561277.
3, 13, 17, 47, 9719
List the prime factors of 141555193.
13, 10888861
What are the prime factors of 604192927?
13, 46476379
List the prime factors of 60105205.
5, 37, 324893
What are the prime factors of 245070617?
11, 2025377
What are the prime factors of 237700596?
2, 3, 7, 17, 166457
What are the prime factors of 121837181?
17, 157, 191, 239
List the prime factors of 14689318.
2, 7, 19, 23
List the prime factors of 431600043.
3, 7, 641, 32063
What are the prime factors of 596006960?
2, 5, 937, 7951
What are the prime factors of 165000065?
5, 1153, 28621
List the prime factors of 5607786655.
5, 4703, 238477
List the prime factors of 3778806481.
131, 28845851
List the prime factors of 607629915.
3, 5, 31, 435577
List the prime factors of 4998306625.
5, 13, 3075881
List the prime factors of 118973958.
2, 3, 461, 43013
What are the prime factors of 668506865?
5, 13, 271, 37951
List the prime factors of 505910702.
2, 11, 67, 151, 2273
List the prime factors of 436586109.
3, 145528703
What are the prime factors of 3596315897?
29, 137, 905189
What are the prime factors of 87110684?
2, 61, 229, 1559
What are the prime factors of 146763079?
146763079
What are the prime factors of 422829783?
3, 881, 53327
What are the prime factors of 7273632344?
2, 11, 2237, 3359
List the prime factors of 1684699125.
3, 5, 19, 236449
List the prime factors of 38163428.
2, 37, 257861
List the prime factors of 968764897.
547, 1771051
What are the prime factors of 7124050056?
2, 3, 17, 17460907
What are the prime factors of 312781993?
312781993
List the prime factors of 328831065.
3, 5, 227, 32191
What are the prime factors of 39469457?
349, 113093
What are the prime factors of 76215632?
2, 4763477
What are the prime factors of 808948229?
79, 10239851
What are the prime factors of 773964256?
2, 13, 521, 3571
List the prime factors of 145993670.
2, 5, 67, 217901
What are the prime factors of 385964974?
2, 17, 19, 53, 11273
What are the prime factors of 17098329?
3, 31, 37, 4969
List the prime factors of 36493488.
2, 3, 253427
What are the prime factors of 1447968810?
2, 3, 5, 48265627
List the prime factors of 7120357354.
2, 11, 83, 3899429
List the prime factors of 114127431.
3, 11, 3458407
List the prime factors of 499525823.
47, 10628209
List the prime factors of 187769794.
2, 17, 47, 117503
List the prime factors of 7339875341.
17, 431757373
What are the prime factors of 488589574?
2, 11, 31, 127, 5641
List the prime factors of 1113590202.
2, 3, 17, 10917551
What are the prime factors of 56506417?
11, 5136947
List the prime factors of 216320740.
2, 5, 881, 12277
List the prime factors of 7887356255.
5, 449, 3513299
What are the prime factors of 40087913?
40087913
What are the prime factors of 5785988584?
2, 723248573
List the prime factors of 211934510.
2, 5, 1399, 15149
List the prime factors of 82726994.
2, 7, 844153
List the prime factors of 90472648.
2, 7, 1223, 1321
What are the prime factors of 757514426?
2, 378757213
What are the prime factors of 259029769?
29, 31, 73, 3947
List the prime factors of 1512496711.
11, 29, 317, 14957
What are the prime factors of 506947725?
3, 5, 2253101
What are the prime factors of 5118039295?
5, 17, 60212227
List the prime factors of 41409389.
7, 751, 7877
List the prime factors of 38660079.
3, 19, 23, 37, 797
List the prime factors of 196405050.
2, 3, 5, 23, 56929
List the prime factors of 63790609.
47, 307, 4421
List the prime factors of 22631065.
5, 4526213
List the prime factors of 7314814.
2, 13, 281339
List the prime factors of 3573807.
3, 59, 61, 331
List the prime factors of 10010049.
3, 7, 83, 5743
What are the prime factors of 2249524672?
2, 31, 97, 11689
What are the prime factors of 91646789?
13, 23, 306511
What are the prime factors of 1991620852?
2, 13, 43, 890707
What are the prime factors of 513061?
23, 22307
List the prime factors of 3618119.
37, 97787
What are the prime factors of 203144552?
2, 13, 59, 33107
List the prime factors of 1357326241.
37, 71, 347, 1489
What are the prime factors of 987631752?
2, 3, 113, 364171
What are the prime factors of 23787152?
2, 23, 37, 1747
List the prime factors of 9649936622.
2, 4824968311
List the prime factors of 4598949404.
2, 7, 131, 1253803
List the prime factors of 166176041.
53, 3135397
List the prime factors of 89508970.
2, 5, 8950897
List the prime factors of 3051578106.
2, 3, 19, 8922743
List the prime factors of 4925494346.
2, 7573, 325201
List the prime factors of 68139034.
2, 1801, 18917
What are the prime factors of 46214795?
5, 11, 840269
What are the prime factors of 1302855116?
2, 53, 6145543
What are the prime factors of 69205399?
163, 424573
List the prime factors of 3533430564.
2, 3, 98150849
List the prime factors of 723453824.
2, 5651983
List the prime factors of 732771779.
732771779
What are the prime factors of 910433611?
910433611
List the prime factors of 3748685326.
2, 1874342663
List the prime factors of 1580216386.
2, 7, 1873, 8609
List the prime factors of 174377822.
2, 87188911
What are the prime factors of 5130215874?
2, 3, 7, 40715999
What are the prime factors of 55320928?
2, 13, 71, 1873
List the prime factors of 48821144.
2, 17, 358979
List the prime factors of 661035400.
2, 5, 67, 49331
What are the prime factors of 129404940?
2, 3, 5, 7, 308107
List the prime factors of 1062840654.
2, 3, 887, 66569
List the prime factors of 1736501948.
2, 434125487
List the prime factors of 3183602514.
2, 3, 79, 6716461
List the prime factors of 100348972.
2, 113, 222011
List the prime factors of 275944798.
2, 2969, 46471
List the prime factors of 676545953.
31, 643, 33941
What are the prime factors of 72923237?
1831, 39827
What are the prime factors of 374668011?
3, 19, 137, 1777
List the prime factors of 38196316.
2, 593, 16103
List the prime factors of 99857176.
2, 2447, 5101
What are the prime factors of 8276681?
7, 1182383
What are the prime factors of 128084846?
2, 5437, 11779
List the prime factors of 6428026228.
2, 13, 241, 512929
What are the prime factors of 2574019033?
23, 29, 3859099
List the prime factors of 324429318.
2, 3, 59, 305489
List the prime factors of 79387386.
2, 3, 13, 1017787
What are the prime factors of 381430408?
2, 47678801
What are the prime factors of 68347259?
17, 47, 113, 757
What are the prime factors of 22106836?
2, 571, 9679
List the prime factors of 141162574.
2, 7, 59, 170899
What are the prime factors of 4254810306?
2, 3, 4663, 152077
What are the prime factors of 1937944436?
2, 823, 588683
List the prime factors of 2340820008.
2, 3, 32511389
What are the prime factors of 3973679184?
2, 3, 751, 110233
List the prime factors of 223338018.
2, 3, 4519, 8237
List the prime factors of 4771712577.
3, 29, 54847271
What are the prime factors of 6211822898?
2, 3105911449
List the prime factors of 59620571.
59620571
List the prime factors of 1214372179.
1214372179
List the prime factors of 832070770.
2, 5, 23, 227, 15937
List the prime factors of 369123050.
2, 5, 89, 109, 761
What are the prime factors of 93185717?
93185717
What are the prime factors of 99946250?
2, 5, 37, 2161
List the prime factors of 551657840.
2, 5, 83, 251, 331
List the prime factors of 2164621700.
2, 5, 601, 36017
What are the prime factors of 3638